 -15 + 19 + (1 - -112)*14. Let b = x + -441. What are the prime factors of b?
5, 229
Let q(a) = -3*a + 49. Suppose 0 = 4*r + 4, 5*h - 5*r = -0*r + 5. Suppose h = 8*y - 4*y + 112. List the prime factors of q(y).
7, 19
Suppose 0 = -10*n + 4*n + 750. Let s = n - 120. List the prime factors of (s/10)/(2/536).
2, 67
Let w = -31 - -36. Suppose w*n - 7*n = 0. Let v(h) = -h**2 + 63. List the prime factors of v(n).
3, 7
Let h(b) = -117*b + 1728. Let u be h(14). Suppose 5*o - 15 = -5*y, -2*y - y - 21 = -2*o. Suppose -o*d = u - 300. What are the prime factors of d?
5, 7
Let w be (-1)/(2 + 54/(-24)). Suppose -2*t = -w*u + 1152, 4*u = 3*t - 0*t + 1156. What are the prime factors of u?
2, 11, 13
Let h be (18/(-8))/(27/(-288)). Let z = h - 22. Suppose -4*x = 20, -2*x + 36 = t + z*x. List the prime factors of t.
2, 7
Let z(p) = -p**3 + 15*p**2 + 16*p + 20. Let t be 6/2 - (-21)/(-3). Let r(y) = -3*y + 4. Let f be r(t). What are the prime factors of z(f)?
2, 5
Suppose -4*w + 16 + 146 = -5*d, 0 = 5*w + 3*d - 221. Suppose -18 = 41*j - w*j. Suppose -856 = -j*y + 287. What are the prime factors of y?
127
Suppose 163*v + 337358 = 177*v. What are the prime factors of v?
24097
Let g(t) = 514*t + 2521. What are the prime factors of g(8)?
3, 11, 67
What are the prime factors of (48/(-9))/((-4)/3990)?
2, 5, 7, 19
Suppose -6*l + 2*z + 88043 = -3*l, 2*z + 58696 = 2*l. What are the prime factors of l?
29347
Suppose -2*d = -247 - 361. Let k be d/40 + 9/(-15) + 0. Suppose p + k*p = 24. List the prime factors of p.
3
Let m = -50 - -53. Let i be 3 - m/(4 - 33/6). Suppose 0 = -3*p + 2*y + 294, -i*y - 291 = -3*p - 4*y. List the prime factors of p.
2, 3
Suppose 4*p = 2 - 122. Let h = 25 - 30. List the prime factors of 2 + h - (p + 0).
3
Let y be ((-217)/(-21) - 11) + 583/(-3). List the prime factors of ((-18)/171 + y/(-228))*964.
3, 241
Let t be 6/(-4)*14/(-3). Suppose 0 = 2*q - t*q + 1395. Suppose -3*s + 3*u = -q + 33, -4*s = -u - 337. List the prime factors of s.
5, 17
Suppose -28*r - 77853 = -393609. List the prime factors of r.
3, 7, 179
List the prime factors of ((-1)/2*3)/(10384270/(-1298028) - -8).
3, 4703
Suppose 114740 = 3*g - 4*b, 3*g + b = -2*b + 114789. What are the prime factors of g?
2, 3, 797
Let c be ((-6)/(-12))/(1/(-6)). Let r be (5/((-10)/(-4)))/((-3)/c). Suppose 2*z = 3*v - 290, z + r*z = 4*v - 388. What are the prime factors of v?
2, 47
Suppose -56*t + 1120320 = -21*t + 29*t. What are the prime factors of t?
3, 5, 389
Suppose -74*f = -10*f - 172030 - 264962. List the prime factors of f.
2, 3, 569
Let r(z) = 8*z - 85. Let v be r(12). Suppose v*f = -2*f + 8528. List the prime factors of f.
2, 41
Let x(i) = 2*i**2 - 96*i - 251. List the prime factors of x(159).
101, 347
Let q be 27/(-45) - (-36)/10. List the prime factors of (-49)/14*-4 - q.
11
List the prime factors of (6 - (-14685 + -8))/(6 + -5).
14699
Let v = -219 + 214. What are the prime factors of 172 - (v - (-3 - 8))?
2, 83
Let y(a) = -a**3 + 22*a**2 - 19*a - 37. Let v be y(21). Suppose -8 = 2*z, -4*w - 1597 + 6153 = v*z. What are the prime factors of w?
2, 11, 13
Let y(u) = 5*u**2 - 3*u + 9. Let h be y(-6). Suppose -1467 = -3*x - h. Suppose 4*k - 251 = -v + 154, 0 = -4*k + 4*v + x. What are the prime factors of k?
2, 3, 17
Suppose 4*f + 5*k = 32154, 2*f - 5*k - 4110 - 11952 = 0. What are the prime factors of f?
2, 7, 41
Let z(k) = -4*k**2 + 80*k + 3. Let u be z(20). What are the prime factors of u - 8002/(-8) - (-48)/64?
2, 251
Let p(k) = 7*k**2 - 7*k + 6. Let y be p(-5). Let r = y - 173. What are the prime factors of r?
43
Let y = -465 - -472. Suppose -v - 5*m + 784 = 0, v - 8*m - 766 = -y*m. What are the prime factors of v?
769
Suppose 0*v + d + 603 = -4*v, 461 = -3*v + d. Let l = v + 167. What are the prime factors of l?
3, 5
Suppose 43*l - 39*l = 4836. Suppose 21*n = 8*n + l. What are the prime factors of n?
3, 31
Let o = 2111 - 1178. Suppose -w - 3 = 0, -2*w - 673 = -4*d + o. List the prime factors of d.
2, 5
Suppose -4*p + 22252 = -28*s + 24*s, 5545 = p - 4*s. What are the prime factors of p?
5569
What are the prime factors of (-233659)/(-205) - (-2 - (-9)/5)?
2, 3, 5, 19
Let m be 1/(-6) - (-118)/(-12). Let l(o) = -9*o + 10. Let y be l(2). List the prime factors of ((-18)/y - 2)/(m/(-9560)).
239
Let z = 132 + -130. Let y = -48 - z. List the prime factors of (y/125)/(1/(-95)).
2, 19
What are the prime factors of (7 - 18) + (-9 - -16866)?
2, 8423
Let l = -28 + 54. Let h(i) = i + l - i**2 - 3*i + 4*i + 10*i. List the prime factors of h(10).
2, 23
Let m = -199 - -201. List the prime factors of -36*(-28)/12*m.
2, 3, 7
Let o(u) = 1236*u**2 + 46*u - 25. What are the prime factors of o(3)?
17, 661
Suppose -5*z + 5*o - 8*o - 190 = 0, -3*z - 118 = o. Let j = 44 + z. List the prime factors of ((-34)/6)/(j/(-9)).
17
Suppose 0 = 4*i + 4*f - 2 - 10, 0 = 5*f. Suppose -6*c = 2*o - 8*c - 1208, 0 = i*o + 4*c - 1812. What are the prime factors of o?
2, 151
Suppose w = 5*c - 2854, 2*w - 5*c + 5724 = -3*c. Let u = -1742 - w. List the prime factors of u.
2, 3, 11, 17
Let x(v) = -12*v**2 + 3*v + 20. Let s be x(8). Let p = s + 1038. List the prime factors of p.
2, 157
Let q(d) be the third derivative of d**4/12 - 3*d**3 + 232*d**2. What are the prime factors of q(23)?
2, 7
Suppose 7 = 4*c - 9. Suppose 5*z - k + c*k = 143, 5*k = -2*z + 42. Suppose 0 = 3*o + t - 93, 0 = -o - 2*t - 2*t + z. What are the prime factors of o?
31
Let p be (-98319)/26 + 2 + 15/(-6). Let h = 5570 + p. Suppose -c = 4*o - 257, -h = -5*c - 5*o - 518. What are the prime factors of c?
11, 23
List the prime factors of -215 - -195 - -1462*17.
2, 3, 4139
Let h(p) = -3238*p - 4825. List the prime factors of h(-12).
34031
Suppose -4*l + 5*t + 4779 = -31766, -27423 = -3*l - t. What are the prime factors of l?
2, 5, 457
Suppose 0 = -35*u + 32*u - 33. List the prime factors of (-22)/u*(263 + 4).
2, 3, 89
Let r = 13 - -20. What are the prime factors of 120 + (-3 + r)/3 + -5?
5
Suppose -4*t = 5*t. Let b(w) = w**2 + 7*w + 287. What are the prime factors of b(t)?
7, 41
Let w(m) = -8*m**2 + 17*m - 135. Let x be w(7). Let a = x + 948. List the prime factors of a.
2, 3, 5
Suppose 3*a - 698 = -79*b + 80*b, -4*a = -3*b - 939. List the prime factors of a.
3, 7, 11
What are the prime factors of (-4)/5 - 377/(-65) - -6345?
2, 5, 127
Suppose -2878 = -2*x + 1216. Suppose x - 13471 = -8*o. List the prime factors of o.
2, 3, 7, 17
Let b(n) = 2*n**2 - 13*n - 3. Suppose -2*c = 2*c - 28. Let a be b(c). Suppose x = -3*y + 283, 4*x + 54 = a*y - 334. What are the prime factors of y?
5, 19
Let d(f) = f + 1. Let c(g) = -4*g + 4. Let x(u) = c(u) + 2*d(u). Let z be x(4). List the prime factors of z*2 - (5 - 199).
2, 5, 19
Suppose -2*s - s - 5*m = 13, 17 = 3*s - m. Suppose 0*g - 22 = -5*u + s*g, 0 = -5*g - 15. List the prime factors of ((-3)/u*-2 - 4)*-71.
71
Let m(r) = 6363*r**2 + 33*r + 32. What are the prime factors of m(-2)?
2, 71, 179
Let s = 25243 + 10243. List the prime factors of s.
2, 11, 1613
Let p be (-9)/(-4) - 2 - 259/(-148). Let t be 4/3 - 2/(-3). Suppose 23 = -5*y - 4*o + 108, -p*y - t*o = -36. List the prime factors of y.
13
Let w(b) = -926*b - 11137. List the prime factors of w(-58).
42571
Let y(p) = -p**2 - 116*p - 409. What are the prime factors of y(-30)?
13, 167
Suppose 5*b + w + 2*w = 46360, -15 = -3*w. List the prime factors of b.
13, 23, 31
Let v(a) = -2*a - 6. Let d be v(-5). Suppose 281 = -d*y - 327. Let l = -51 - y. List the prime factors of l.
101
Suppose 0 = -4*o + 3*v + 55273, -36*v + 34*v = 5*o - 69120. List the prime factors of o.
2, 6911
Suppose -p - 15*p = -11904. Let g = p + -434. List the prime factors of g.
2, 5, 31
List the prime factors of ((-83916)/(-1512))/(0 - 0 - 6/(-464)).
2, 29, 37
Let n = 98 - 100. Let g(w) = -3 + 23*w + 2 + 16*w**2 - 21*w. What are the prime factors of g(n)?
59
Let f(n) = 3*n**2 - 14*n - 44. Let p be f(-4). Suppose 0*w - 5*w = 2*t - p, 0 = 5*w + t - 60. Suppose 0 = w*m + 410 - 3530. What are the prime factors of m?
2, 5, 13
Let l(w) = -3*w + 58. Let b be l(18). Suppose 4*h + 164 = k, -567 = b*k - 7*k - 3*h. List the prime factors of 0 + 0 + 3 + -5 + k.
2, 7, 13
Suppose -3*a - 3080 = -10*a. Suppose a = -4*u + b + 2*b, 539 = -5*u + b. Let f = -29 - u. What are the prime factors of f?
2, 3, 13
Let x(d) be the third deriva